{"id":296,"date":"2018-05-24T13:53:40","date_gmt":"2018-05-24T13:53:40","guid":{"rendered":"http:\/\/einharzfuermtb.de\/?page_id=296"},"modified":"2018-05-24T13:53:40","modified_gmt":"2018-05-24T13:53:40","slug":"datenschutz","status":"publish","type":"page","link":"https:\/\/einharzfuermtb.de\/?page_id=296","title":{"rendered":"Datenschutz"},"content":{"rendered":"<h2 class=\"ce_headline first\">Datenschutzerkl\u00e4rung<\/h2>\n<div class=\"ce_text last  block\">\n<p>Wir freuen uns \u00fcber Ihren Besuch auf unserer Webseite. Der Schutz Ihrer Daten ist uns ein besonderes Anliegen. Wir werden Ihre Daten stets nur im Rahmen der Grenzen des Bundesdatenschutzgesetzes und der Datenschutz-Grundverordnung verwenden. Falls Sie durch einen Link auf eine andere Website gelangen, dann nutzen Sie bitte die dortigen Informationen zum Datenschutz. Auf die Datenschutzpraxis der anderen Seitenbetreiber haben wir keinen Einfluss.<\/p>\n<p>Verantwortlich f\u00fcr die Verarbeitung Ihrer personenbezogenen Daten ist:<br \/>\nTRAILTECH \u2013 Mountainbiking<br \/>\nJan Marc Zander<br \/>\nAuf dem Berge 8<br \/>\n37136 Waake<\/p>\n<p>phone: 05507-979161<br \/>\nmobil: 0176-965 818 91<br \/>\nmail:\u00a0<a href=\"mailto:info@trailtech.de\">info@trailtech.de<\/a><br \/>\nwww.trailtech.de<\/p>\n<p>1.\u00a0\u00a0 \u00a0Ihre Rechte<br \/>\n2.\u00a0\u00a0 \u00a0Datenerhebung- und Verarbeitung bei Besuch unserer Website<br \/>\n2.1. Informationen \u00fcber Cookies<br \/>\n2.2. Social Plugins<br \/>\n3.\u00a0\u00a0 \u00a0Kontaktformular<br \/>\n4.\u00a0\u00a0 \u00a0Kommentarfunktion und Abonnement von Kommentaren<br \/>\n5.\u00a0\u00a0 \u00a0Newsletter<br \/>\n6.\u00a0\u00a0 \u00a0Datenverarbeitung zur Erf\u00fcllung eines Vertrags\/Direktwerbung<\/p>\n<p><strong>1.\u00a0\u00a0 \u00a0Ihre Rechte<\/strong><br \/>\nSie haben das Recht auf Auskunft, Berichtigung, L\u00f6schung (\u201eRecht auf Vergessenwerden\u201c) und Einschr\u00e4nkung der im Folgenden n\u00e4her beschriebenen Verarbeitung Ihrer Daten im Rahmen der Art. 15- 18 DS-GVO. Sie haben das Recht auf \u00dcbertragbarkeit Ihrer Daten gem\u00e4\u00df Art. 20 DS-GVO. Sie haben das Recht des Widerspruchs, insbesondere gegen die Verarbeitung Ihrer Daten f\u00fcr Zwecke der Direktwerbung und gegen eine Verarbeitung, die wir aufgrund berechtigter Interessen vornehmen im Rahmen des Art. 21 DS-GVO.. Sie haben ferner das Recht sich bei einer Aufsichtsbeh\u00f6rde zu beschweren, f\u00fcr uns ist dies Die Landesbeauftragte f\u00fcr den Datenschutz Niedersachsen Barbara Thiel, Prinzenstra\u00dfe 5, 30159 Hannover, Telefon: +49 (0511) 120 45 00, Telefax: +49 (0511) 120 45 99, E-Mail:\u00a0<a href=\"mailto:poststelle@lfd.niedersachsen.de\">poststelle@lfd.niedersachsen.de<\/a>.<\/p>\n<p><strong>2.\u00a0\u00a0 \u00a0Datenerhebung- und Verarbeitung bei Besuch unserer Website<\/strong><br \/>\nBei jedem Besuch auf unserer Website werden Name der abgerufenen Datei, Datum und Uhrzeit des Abrufs, \u00fcbertragene Datenmenge, Meldung \u00fcber erfolgreichen Abruf, Webbrowser, Betriebssystem, das Herkunftsland des anfragenden Systems, die Webseite, von der aus Sie auf unsere Seite gelangt sind (Referrer) und die Unterwebseiten, die sie auf unserer Internetseite besuchen in Logfiles gespeichert.\u2028Diese Daten werden nicht zusammengef\u00fchrt und lassen daher keine R\u00fcckschl\u00fcsse auf bestimmte Personen zu. Zus\u00e4tzlich werden die IP Adressen der anfragenden Rechner protokolliert. Diese Daten nutzen wir zur anonymisierten statistischen Auswertung um unsere Webseite und ihre Inhalte zu optimieren und um die Funktionsf\u00e4higkeit, sowie den Schutz unserer IT-Systeme und damit den Schutz der von uns verarbeiteten Daten sicherzustellen und ggf. um den Strafverfolgungsbeh\u00f6rden im Falle von Angriffen auf unsere IT-Systeme die n\u00f6tigen Informationen zur Verf\u00fcgung stellen zu k\u00f6nnen. Dies sind unsere berechtigten Interessen im Sinne des Art. 6 Abs. 1 lit. f) DS-GVO. Die Daten unserer Server-Logfiles speichern wir getrennt von ggf. anderen personenbezogenen Daten. Sie werden gel\u00f6scht, soweit diese zur Erf\u00fcllung des mit der Speicherung verfolgten Zwecks nicht mehr erforderlich sind oder wenn ihre Speicherung aus sonstigen gesetzlichen Gr\u00fcnden unzul\u00e4ssig ist.<\/p>\n<p>Die von Ihnen bei Besuch unserer Website und der Nutzung unserer Formulare (Kontaktanfrage, Registrierung, Anmeldung Kundenkonto etc.) erhobenen Daten werden auf den Servern unseres Hostproviders in unserem Auftrag verarbeitet. Die Server befinden sich innerhalb der EU.<\/p>\n<p>Unser berechtigtes Interesse an der Nutzung dieses Dienstes im Sinne des Art. 6 Abs. 1 lit f) DS-GVO ist die st\u00f6rungssichere Ausgabe und Darstellung unseres Webangebots, sowie die Wahrung der Informationssicherheit.<\/p>\n<p><strong>2.1. Informationen \u00fcber Cookies<\/strong><br \/>\n(1) Zur Optimierung unseres Internetauftritts setzen wir Cookies ein. Es handelt sich dabei um kleine Textdateien, die \u00fcber Ihren Browser auf Ihrem Computer gespeichert werden. Cookies enthalten eine eindeutige Kennung, die sogenannte Cookie-ID.\u00a0 Dies erm\u00f6glicht es den besuchten Internetseiten und Servern, den bestimmten Internetbrowser wiederzuerkennen und zuzuordnen. Dadurch k\u00f6nnen wir Ihnen einen besseren Zugang zu unserer Seite erm\u00f6glichen. Denn die Wiedererkennung verhindert z.B. dass Sie Login-Daten erneut eingeben m\u00fcssen oder der Warenkorb bei Onlineshops gel\u00f6scht wird, wenn Sie auf anderen Seiten surfen.\u00a0 Unser berechtigtes Interesse an der Nutzung von Cookies im Sinne des Art. 6 Abs. 1 lit f) DS-GVO ist es die Nutzung unserer Website intuitiv zu gestalten und Ihnen den Zugang zu erleichtern.<br \/>\n(2) Das Speichern von Cookies k\u00f6nnen Sie verhindern, indem Sie in Ihren Browser-Einstellungen &#8222;Cookies blockieren&#8220; w\u00e4hlen. Dies kann aber eine Funktionseinschr\u00e4nkung unserer Website f\u00fcr Sie zur Folge haben.\u00a0 Alle g\u00e4ngigen Browser bieten Ihnen zudem M\u00f6glichkeiten zum individuellen Umgang mit Cookies. Sie k\u00f6nnen entsprechende Add-Ons installieren oder einstellen, dass nur Cookies von Drittanbietern blockiert werden, alle Cookies nach Schlie\u00dfen des Browsers gel\u00f6scht werden oder dass Webseiten generell keine Nutzeraktivit\u00e4ten verfolgen d\u00fcrfen (Do-Not-Track). Die von uns ausschlie\u00dflich gesetzten Session- Cookies werden automatisch nach Ende des Besuchs auf unserer Website gel\u00f6scht.<\/p>\n<p><strong>2.2.\u00a0 Social Plugins<\/strong><br \/>\nWir sind au\u00dferdem in sozialen Netzwerken aktiv, um unsere Reichweite zu erh\u00f6hen und um uns mit dort aktiven Kunden und Interessenten auszutauschen. Wenn Sie dort mit uns in Kontakt treten, verarbeiten wir Ihre Daten in der Regel innerhalb des Netzwerks oder im hier beschriebenen Rahmen. Es gelten die entsprechenden Datenschutzbestimmungen der Plattform.<br \/>\nYouTube-Plugins<br \/>\nWir verwenden YouTube-Plugins, betrieben von YouTube, LLC, 901 Cherry Ave., San Bruno, CA 94066, USA, YouTube geh\u00f6rt zur Google LLC. 1600 Amphitheatre Parkway Mountain View, CA 94043, USA. Das Plugin stellt eine direkte Verbindung zwischen YouTube-Servern und dem von Ihnen verwendeten Webbrowser her. Sobald Sie eine unserer Seiten mit YouTube- Plugin aufrufen, wird dies unabh\u00e4ngig davon, ob Sie ein Video ansehen, von YouTube-Servern geladen und das Herunterladen registriert. Dadurch wei\u00df YouTube, welche Seite Sie bei uns besucht haben und f\u00fchrt dies, soweit Sie in ihr YouTube-Profil eingeloggt sind &#8211; mit anderen dort bereits gespeicherten personenbezogenen Daten zusammen und ordnet Ihr Surfverhalten Ihrem Account zu.<br \/>\nWenn Sie dies so gut wie m\u00f6glich verhindern wollen, loggen Sie sich aus Ihren Google-und YouTube-Accounts vor Besuch unsere Website aus und aktivieren Sie die von allen g\u00e4ngigen Browsern angebotenen AddOns, die Tracking unterbinden sollen.<br \/>\nSind Sie nicht in Ihren Google-oder YouTube-Account eingeloggt, wird der Besuch unserer Webseiten nach Angaben von YouTube nicht mit ggf. anderen personenbezogenen Daten von Ihnen zusammengef\u00fchrt.<br \/>\nUnser berechtigtes Interesse im Sinne des Art 6 Abs. 1 lit f) DS-GVO an der Nutzung von Social Media Plugins ist die Optimierung der Reichweite und Verbreitung unseres Angebots.<br \/>\nDer Anbieter ist nach dem EU-US Privacy-Shield zertifiziert und damit zur Einhaltung von EU-Datenschutzstandards verpflichtet. Die Daten werden dort auf Basis internationaler Abkommen und eines Angemessenheitsbeschlusses der EU-Kommission gem\u00e4\u00df Art. 45 DS-GVO verarbeitet.<br \/>\nN\u00e4here Informationen gibt es in der Datenschutzerkl\u00e4rung von Google unter https:\/\/policies.google.com\/privacy<\/p>\n<p><strong>3. Datenverarbeitung bei Anfragen \u00fcber unser Kontaktformular oder per E-Mail<\/strong><\/p>\n<p>Wenn Sie uns per Kontaktformular Anfragen zukommen lassen, werden Ihre Angaben aus dem Anfrageformular inklusive der von Ihnen dort angegebenen Kontaktdaten zwecks Bearbeitung der Anfrage und f\u00fcr den Fall von Anschlussfragen bei uns gespeichert. Diese Daten geben wir nicht ohne Ihre Einwilligung weiter.<\/p>\n<p>Die Verarbeitung der in das Kontaktformular eingegebenen Daten erfolgt somit ausschlie\u00dflich auf Grundlage Ihrer Einwilligung (Art. 6 Abs. 1 lit. a DSGVO). Sie k\u00f6nnen diese Einwilligung jederzeit widerrufen. Dazu reicht eine formlose Mitteilung per E-Mail an uns. Die Rechtm\u00e4\u00dfigkeit der bis zum Widerruf erfolgten Datenverarbeitungsvorg\u00e4nge bleibt vom Widerruf unber\u00fchrt.<\/p>\n<p>Die von Ihnen im Kontaktformular eingegebenen Daten verbleiben bei uns, bis Sie uns zur L\u00f6schung auffordern, Ihre Einwilligung zur Speicherung widerrufen oder der Zweck f\u00fcr die Datenspeicherung entf\u00e4llt (z.B. nach abgeschlossener Bearbeitung Ihrer Anfrage). Zwingende gesetzliche Bestimmungen \u2013 insbesondere Aufbewahrungsfristen \u2013 bleiben unber\u00fchrt.<\/p>\n<p><strong>4. Kommentarfunktion und Abonnement von Kommentaren<\/strong><br \/>\nSie k\u00f6nnen innerhalb unserer Websites \u00f6ffentliche Kommentare oder Beitr\u00e4ge abgeben. Neben Ihren freiwilligen Angaben \u2013 Name oder Nickname \u2013 speichern wir tempor\u00e4r Ihre IP-Adresse. Unser berechtigtes Interesse im Sinne des Art. 6 Abs. 1 lit. f) DS-GVO\u00a0 ist es auch zu unserem eigenen Schutz, die Identifizierung durch Strafverfolgungsbeh\u00f6rden zu erm\u00f6glichen, soweit ein Verfasser strafrechtliche Normen oder die Rechte Dritter verletzt (z.B. durch Beleidigungen, Hasskommentare etc.).<br \/>\nSie k\u00f6nnen nachfolgende Kommentare abonnieren. Hierzu bedarf es Ihrer ausdr\u00fccklichen Einwilligung im Sinne des Art 6 Abs. 1 lit. a) DS-GVO. Wir verfahren nach dem Double-Opt-In- Verfahren: Sie geben zun\u00e4chst Ihren Namen und Ihre E-Mail-Adresse an und erhalten nach der Anmeldung eine E-Mail in der Sie \u00fcber das Abonnement und Ihre Widerrufsm\u00f6glichkeit informiert und gebeten werden, diese \u00fcber den angegebenen Link zu best\u00e4tigen. Anmeldung, Best\u00e4tigung oder Abmeldung werden von uns protokolliert, das hei\u00dft Ihre IP-Adresse und der Zeitpunkt der Anmeldung, sowie der Best\u00e4tigung oder Abmeldung gespeichert, damit wir nachweisen k\u00f6nnen, dass Ihre Einwilligung den rechtlichen Anforderungen entspricht, was unseren berechtigten Interessen im Sinne des Art. 6 Abs. 1 lit f) DS-GVO entspricht.<br \/>\nIhre Einwilligungserkl\u00e4rung erfolgt v\u00f6llig freiwillig und laufende Abonnements k\u00f6nnen durch Sie jederzeit widerrufen werden. Klicken Sie hierzu auf den \u201eAbmelden\u201c-Link in der Mail oder teilen Sie uns Ihren Widerruf auf anderem Wege unter den angegebenen Kontaktdaten mit. Wenn Sie sich abmelden, l\u00f6schen wir Ihre Daten oder schr\u00e4nken die Verarbeitung durch Eintrag in eine Blacklist ein.<\/p>\n<p><strong>5. Anmeldung zum Newsletter<\/strong><br \/>\nSie k\u00f6nnen sich zu unserem Newsletter anmelden, um regelm\u00e4\u00dfig aktuelle Angebote, Termine, Werbung oder \u00e4hnliche Informationen \u00fcber uns per E-Mail zu erhalten.<br \/>\nHierzu bedarf es Ihrer ausdr\u00fccklichen Einwilligung. Wir verfahren nach dem Double-Opt-In- Verfahren: Sie geben zun\u00e4chst Ihren Namen und Ihre E-Mail-Adresse, ggf. mit optionalen Interessen an und erhalten nach der Anmeldung eine E-Mail in der Sie \u00fcber die Anmeldung zum Newsletter informiert und gebeten werden, diese \u00fcber den angegebenen Link zu best\u00e4tigen. Dies dient unter anderem dem Zweck den Missbrauch fremder E-Mail-Adressen zu verhindern. Anmeldung, Best\u00e4tigung oder Abmeldung werden von uns protokolliert, das hei\u00dft Ihre IP-Adresse und der Zeitpunkt der Anmeldung, sowie der Best\u00e4tigung oder Abmeldung gespeichert, damit wir nachweisen k\u00f6nnen, dass Ihre Einwilligung den rechtlichen Anforderungen entspricht, was unseren berechtigten Interessen im Sinne des Art. 6 Abs. 1 lit f) DS-GVO entspricht. Rechtsgrundlagen sind: Art 6 Abs. 1 lit a) DS-GVO und \u00a7 7 Abs. 2 Nr.3 und Abs. 3 UWG.<br \/>\nWir \u00fcbermitteln die von Ihnen angegebene E-Mail-Adresse, sowie ggf. Ihren Namen und optional Ihre Interessen an einen Newsletter-Versanddienstleister: MailChimp, The Rocket Science Group, LLC, 675 Ponce de Leon Ave NE, Suite 5000, Atlanta, GA 30308 USA<br \/>\nDie Daten werden ggf. auf Servern in Drittl\u00e4ndern gespeichert und dort auf Basis internationaler Abkommen und eines Angemessenheitsbeschlusses der EU-Kommission gem\u00e4\u00df Art. 45 DS-GVO verarbeitet. Der Anbieter ist nach dem EU-US Privacy-Shield zertifiziert und damit zur Einhaltung von EU-Datenschutzstandards verpflichtet.<br \/>\nDer Anbieter wertet die Daten f\u00fcr eigene Zwecke statistisch aus, um Versand und Darstellung des Newsletters, sowie eigene Angebote zu optimieren. Eine direkte Kontaktaufnahme oder Weitergabe der Daten an Dritte erfolgt nicht. N\u00e4heres erfahren Sie in der Datenschutzerkl\u00e4rung des Anbieters unter\u00a0<a href=\"https:\/\/mailchimp.com\/legal\/privacy\/\">https:\/\/mailchimp.com\/legal\/privacy\/\u00a0<\/a><br \/>\nIn den Newslettern sind sogenannte \u201eWeb-Beacons\u201c enthalten. Dabei handelt es sich um transparente Bilddateien, die beim Onlinelesen des Newsletters vom Server des Anbieters geladen werden und das Herunterladen registriert wird. Wir ermitteln auch, ob und wann Sie den Newsletter lesen und welche Links Sie ggf. klicken. Die hierbei \u00fcbermittelten Informationen incl. Ihrer IP-Adresse, Ihres Providers und damit Ihres Herkunftslands, Browser und Betriebssystem, sowie Zugriffszeit werden nutzen wir um den Newsletterdienst zu optimieren und unsere Inhalte anhand Ihres Leseverhalten und Ihrer Interessen anzupassen. Unser berechtigtes Interesse an der Nutzung dieses Dienstes im Sinne des Art. 6 Abs. 1 lit f) DS-GVO ist es unser Angebot und Werbung entsprechend Ihrer Nutzung anpassen zu k\u00f6nnen.<br \/>\nIhre Einwilligungserkl\u00e4rung erfolgt v\u00f6llig freiwillig und kann durch Sie jederzeit widerrufen werden. Klicken Sie hierzu auf den \u201eAbmelden\u201c-Link in einem der Newsletter oder teilen Sie uns Ihren Widerruf auf anderem Wege unter den angegebenen Kontaktdaten mit. Wenn Sie sich abmelden, l\u00f6schen wir Ihre Daten oder schr\u00e4nken die Verarbeitung durch Eintrag in eine Blacklist ein.<\/p>\n<p><strong>6. Verarbeitung von Daten zur Vertragserf\u00fcllung<\/strong><br \/>\nWenn Sie mit uns einen Vertrag schlie\u00dfen z.B. \u00fcber die Lieferung von Waren, die Erbringung einer Dienstleistung oder Erstellung eines Werkes verarbeiten wir die von Ihnen angegebenen Daten (z.B. Name, Anschrift, Geburtsdatum, E-Mail-Adresse, Telefonnummer, Telefaxnummer, Bankverbindung) zur Vertragsabwicklung. Als solche gekennzeichnete Pflichtfelder sind von Ihnen auszuf\u00fcllen, da wir ohne diese Angaben nicht zur Vertragserf\u00fcllung in der Lage sind. Die Daten werden in unserer Kundendatenbank innerhalb der EU verarbeitet.<br \/>\nUm uns vor Betrug zu sch\u00fctzen, k\u00f6nnen wir diese Daten zur Ermittlung atypischer Bestellvorg\u00e4nge verarbeiten (z.B. bei Angabe gleicher Anschriften in einer Vielzahl zeitgleicher Bestellungen unter Nutzung verschiedener Kundenkonten).\u00a0 Dies dient der Wahrung berechtigter Interessen im Sinne des Art. 6 Abs. 1 lit f) DS-GVO.<br \/>\nWenn Sie Waren bestellen, \u00fcbermitteln wir die zur Lieferung erforderlichen Daten zum Zweck der Zustellung und der Ank\u00fcndigung dieser an ein Transportunternehmen.<br \/>\nWir \u00fcbermitteln die f\u00fcr die Vertragsabwicklung angegebenen Zahlungsdaten an den von Ihnen ausgew\u00e4hlten oder von uns beauftragten Zahlungsdienstleister oder an das mit der Zahlung beauftragte Kreditinstitut. Wenn Sie bereits ein Kundenkonto bei einem Zahlungsdienstleister haben, werden Sie im Bestellprozess zur Anmeldung bei diesem aufgefordert. In dem Fall verarbeitet dieser Ihre Daten und es gilt insoweit die Datenschutzerkl\u00e4rung des jeweiligen Zahlungsdienstleisters.<br \/>\nRechtsgrundlage f\u00fcr die Datenverarbeitung ist Art. 6 Abs. 1 lit. b) DS-GVO.<br \/>\nWir behalten uns eine weitere gesetzlich erlaubte Nutzung Ihrer Daten nach Vertragserf\u00fcllung aufgrund berechtigter Interessen im Sinne des Art. 6 Abs. 1 lit. f) DS-GVO vor. Dies ist insbesondere die Steigerung der Kundenbindung durch Werbung. Zu diesem Zweck senden wir Ihnen ggf. Angebote und Informationen per Briefpost, sowie &#8211; soweit es uns im Rahmen des \u00a7 7\u00a0 Abs. 3 UWG erlaubt ist- Direktwerbung f\u00fcr eigene \u00e4hnliche Waren oder Dienstleistungen per E-Mail. Wir \u00fcbermitteln die hierf\u00fcr notwendigen Daten (Name und Adresse) ggf. an einen Dienstleister, der sie in unserem Auftrag verarbeitet um die Werbesendungen zu verschicken. Sie k\u00f6nnen der Speicherung und Verwendung Ihrer Daten zu diesem Zweck jederzeit unter den angegebenen Kontaktdaten widersprechen. Nach Widerspruch in die Nutzung zu Werbezwecken schr\u00e4nken wir die Verarbeitung Ihrer Daten f\u00fcr die weitere Verwendung ein und l\u00f6schen sie nach Ablauf der steuer- und handelsrechtlichen Aufbewahrungsfristen, es sei denn Sie haben eine Einwilligung in die weitere Nutzung erteilt.<\/p>\n<\/div>\n","protected":false},"excerpt":{"rendered":"<p>Datenschutzerkl\u00e4rung Wir freuen uns \u00fcber Ihren Besuch auf unserer Webseite. Der Schutz Ihrer Daten ist uns ein besonderes Anliegen. Wir werden Ihre Daten stets nur im Rahmen der Grenzen des Bundesdatenschutzgesetzes und der Datenschutz-Grundverordnung verwenden. Falls Sie durch einen Link auf eine andere Website gelangen, dann nutzen Sie bitte die dortigen Informationen zum Datenschutz. Auf die Datenschutzpraxis der anderen Seitenbetreiber haben wir keinen Einfluss. Verantwortlich f\u00fcr die Verarbeitung Ihrer personenbezogenen Daten ist: TRAILTECH \u2013 Mountainbiking Jan Marc Zander Auf dem Berge 8 37136 Waake phone: 05507-979161 mobil: 0176-965 818 91 mail:\u00a0info@trailtech.de www.trailtech.de 1.\u00a0\u00a0 \u00a0Ihre Rechte 2.\u00a0\u00a0 \u00a0Datenerhebung- und Verarbeitung bei Besuch unserer Website 2.1. Informationen \u00fcber Cookies 2.2. Social Plugins 3.\u00a0\u00a0 \u00a0Kontaktformular 4.\u00a0\u00a0 \u00a0Kommentarfunktion und Abonnement von Kommentaren 5.\u00a0\u00a0 \u00a0Newsletter 6.\u00a0\u00a0 \u00a0Datenverarbeitung zur Erf\u00fcllung eines Vertrags\/Direktwerbung 1.\u00a0\u00a0 \u00a0Ihre Rechte Sie haben das Recht auf Auskunft, Berichtigung, L\u00f6schung (\u201eRecht auf Vergessenwerden\u201c) und Einschr\u00e4nkung der im Folgenden n\u00e4her beschriebenen Verarbeitung Ihrer Daten im Rahmen der Art. 15- 18 DS-GVO. Sie haben das Recht auf \u00dcbertragbarkeit Ihrer Daten gem\u00e4\u00df Art. 20 DS-GVO. Sie haben das Recht des Widerspruchs, insbesondere gegen die Verarbeitung Ihrer Daten f\u00fcr Zwecke der Direktwerbung und gegen eine Verarbeitung, die wir aufgrund berechtigter Interessen vornehmen im Rahmen des Art. 21 &#8230;<\/p>\n","protected":false},"author":1,"featured_media":0,"parent":0,"menu_order":0,"comment_status":"closed","ping_status":"closed","template":"","meta":{"spay_email":""},"jetpack_sharing_enabled":false,"jetpack_shortlink":"https:\/\/wp.me\/P5GeNT-4M","_links":{"self":[{"href":"https:\/\/einharzfuermtb.de\/index.php?rest_route=\/wp\/v2\/pages\/296"}],"collection":[{"href":"https:\/\/einharzfuermtb.de\/index.php?rest_route=\/wp\/v2\/pages"}],"about":[{"href":"https:\/\/einharzfuermtb.de\/index.php?rest_route=\/wp\/v2\/types\/page"}],"author":[{"embeddable":true,"href":"https:\/\/einharzfuermtb.de\/index.php?rest_route=\/wp\/v2\/users\/1"}],"replies":[{"embeddable":true,"href":"https:\/\/einharzfuermtb.de\/index.php?rest_route=%2Fwp%2Fv2%2Fcomments&post=296"}],"version-history":[{"count":1,"href":"https:\/\/einharzfuermtb.de\/index.php?rest_route=\/wp\/v2\/pages\/296\/revisions"}],"predecessor-version":[{"id":298,"href":"https:\/\/einharzfuermtb.de\/index.php?rest_route=\/wp\/v2\/pages\/296\/revisions\/298"}],"wp:attachment":[{"href":"https:\/\/einharzfuermtb.de\/index.php?rest_route=%2Fwp%2Fv2%2Fmedia&parent=296"}],"curies":[{"name":"wp","href":"https:\/\/api.w.org\/{rel}","templated":true}]}}